se -2*o + 200 = 130. What is the remainder when o is divided by (14*2/(-5))/((-4)/10)?
7
Let p(b) = b**3 - 3*b**2 - 11*b + 2. Let k be p(-2). Suppose -k*g - 3*g = -91. What is the remainder when 128 is divided by g?
11
Suppose -31*l + 2*l + 4495 = 0. Suppose -133 = -12*w + l. What is the remainder when w is divided by 14?
10
Suppose -7 - 11 = -9*y. Suppose y*j + 3*f = 41, j - 2*f - 34 = f. Suppose q - 2*b = 5*q - 90, 2*b + j = q. Calculate the remainder when 114 is divided by q.
22
Let r = 32 - 26. Let l be 142/r + 8/24. Let h = -9 + l. What is the remainder when 88 is divided by h?
13
Let l be (2/(-6))/(4/(-5964)). Suppose 4*v - 3*w = l, 3*v + 3*w = -0*w + 378. Suppose 350 = 5*b + v. Calculate the remainder when 134 is divided by b.
44
Let l = -13 - -18. Suppose 4*y - 2*t = 8, 16 = l*y - 5*t + 1. Suppose 405 = 1528462*h - 1528417*h. What is the remainder when h is divided by y?
0
Let r = -39776 - -44995. What is the remainder when r is divided by 95?
89
Let y(d) = 108*d + 1580. Calculate the remainder when y(-10) is divided by 164.
8
Let o(i) = i**3 + 41*i**2 - 37*i - 232. What is the remainder when o(-28) is divided by 13?
11
Suppose 175 = 11*y - 78. Calculate the remainder when 135 is divided by 6 + y + 3 + 0 + 2.
33
Suppose -11 = -d - 3*r + 62, 2*r = -5*d + 430. What is the remainder when 1228 is divided by d?
84
Suppose 50*k - 181634 + 35934 = 0. What is the remainder when k is divided by 73?
67
Let u(p) = 4*p**2 - 4*p + 46. Let w(d) = 3*d**2 - 6*d + 47. Let q(x) = 3*u(x) - 2*w(x). What is the remainder when q(-9) is divided by 38?
36
Suppose 2*n - 101 = -3*d, -2*n - d + 100 = d. Let a = 35 - n. Let j = a + 83. What is the remainder when j is divided by 12?
9
Suppose 2*d - 4*d = -3*m + 2, 0 = 4*m + d - 21. Suppose -12 = -m*n + 3*t - 5*t, -5*n = -t - 29. Calculate the remainder when n is divided by -5*(4 + (-23)/5).
2
Suppose -2*b - 8 = -48. Suppose -i + 41 = 4*l + 36, 0 = -3*i - 4*l + 79. Calculate the remainder when i is divided by b.
17
Let i(a) = 3*a**2 - 3*a - 172. Calculate the remainder when 3624 is divided by i(-9).
96
Let d be (-216)/27 - (-12)/1. Suppose -d*k = -42 - 10. Calculate the remainder when 24 is divided by k.
11
Let h(l) = l**3 - 10*l**2 - 13*l - 7. Let a be h(14). Let c = -580 + a. Calculate the remainder when 44 is divided by c.
14
Let v be ((-38300)/(-6))/10 - 1/3. Let h = -629 + v. Calculate the remainder when h is divided by 5.
4
Let i(o) = o**3 + 3*o**2 - 6*o - 7. Let c be i(-5). Let l = 32 + c. Suppose g - 144 = -4*u - 4*g, l*g - 51 = -u. What is the remainder when u is divided by 7?
3
Suppose -3*v = 4*t + 350, -207 - 58 = 3*t + v. Let p = t - -85. Let d(m) = -20*m - 7. What is the remainder when d(p) is divided by 19?
16
Let h = 2847 + -2578. What is the remainder when 297 is divided by h?
28
Let u = -286 + 306. What is the remainder when u is divided by 2/(-10) + 2/15*84?
9
Suppose -f = -4*w - 809, -58*w = 3*f - 62*w - 2459. Calculate the remainder when 1670 is divided by f.
20
Let i be (2/(-3))/(264/54 - 5). Suppose -369 = -3*f - i*f. Calculate the remainder when f is divided by 16.
9
Suppose -61*l + 63*l = 4*b - 2412, b - 612 = 2*l. What is the remainder when b is divided by 227?
146
Let a(d) = -4590 + 4568 + 3*d + 0*d. What is the remainder when a(25) is divided by 5?
3
What is the remainder when 352 is divided by (0 + 1)*((-363)/(-6) - (-135)/(-90))?
57
Let f = -14 - -27. Let u = -3323 + 3410. Calculate the remainder when u is divided by f.
9
Let b = 2993 - 2967. Calculate the remainder when 739 is divided by b.
11
Let c(l) = 277*l**3 - 2*l**2 + 1. Suppose -519 = -20*i - 10*i - 99. Calculate the remainder when c(1) is divided by i.
10
Suppose -c - 7 = -2*s, -2*c - 8 = -s - 3. Calculate the remainder when (2 + (c - 0))*13 is divided by (184 + 11)/13 - (4 + 9).
1
Let o be 1/((-1 + 0)*3/(-6)). Suppose 3*g = 2*q - 64 - 37, -104 = -o*q + 2*g. Let v = 43 - 22. Calculate the remainder when q is divided by v.
13
Let g be 6/2 - (1 - 3). Suppose g*u + 12 + 8 = 0, -3*u + 108 = 2*i. What is the remainder when i is divided by 16?
12
Suppose p = b + 5, 2*b = 5*p + 4*b - 11. Suppose 4*j - p*q = 219, 4*j = 5*q - q + 216. Let s = -26 + j. What is the remainder when s is divided by 9?
4
Suppose 338*w - 344*w = 0. Suppose 3*z = -z + 3*p + 4147, 5*p + 25 = w. Calculate the remainder when z is divided by 11.
10
Let h(x) = -x**3 - 16*x**2 + 72*x + 90. What is the remainder when h(-21) is divided by 154?
13
Suppose 5*a - 3628 = 2*m, 42*m - 2909 = -4*a + 37*m. Let k = a - 699. Calculate the remainder when 38 is divided by k.
11
Suppose -4*k = 4*c - 340, -5*c = -2*k + 145 - 3. Calculate the remainder when (-57456)/(-360) - (-3)/((-30)/(-14)) is divided by k.
80
Let t = -765 + 841. Let k = 37 + 4. What is the remainder when t is divided by k?
35
Suppose 6*f - 8*f + 52 = 0. Let c(j) = 18*j - 1. Let n be c(1). Suppose n - f = -3*u. Calculate the remainder when 5 is divided by u.
2
Let y(n) be the third derivative of -n**6/120 + n**5/5 + 23*n**4/24 - 10*n**3 + 17*n**2 - 3. Calculate the remainder when 209 is divided by y(13).
69
Suppose -3*t - 2*w + 65 = 0, -6*w + w = 4*t - 96. Let k be (0 - 402)*(-7)/14 - -2. Suppose -8*v + 189 + k = 0. Calculate the remainder when v is divided by t.
11
Suppose -5*x + 3*d + 184 = 0, 108 = 3*x + 15*d - 16*d. Suppose -3*u + 25 + x = 0. What is the remainder when 90 is divided by u?
10
Suppose 0 = -4*h + 39 + 93. Suppose -5*r - q - 2*q - 20 = 0, -5*r - 4*q - 20 = 0. What is the remainder when h is divided by 1 + 2/r*(-18 + -4)?
9
Suppose -5*b + 35 = 5*j, -3*j - j + 3*b = 0. Suppose -j*r = 5*r - 96. What is the remainder when ((-62)/(-3))/(8/r) is divided by 12?
7
Suppose 68*v - 8674 - 3838 = 0. Calculate the remainder when v is divided by 62.
60
Let a(o) = -59*o - 1681. Let q = -9 + 20. What is the remainder when a(-29) is divided by q?
8
Suppose 4*k + 25 = -s + 85, -k = 4*s - 300. Suppose 0 = 12*w - 14*w + s. Let n = 44 + -24. What is the remainder when w is divided by n?
18
Suppose 2*j + 4*s = 5016, 1083*j + s - 2509 = 1082*j. Calculate the remainder when j is divided by 93.
92
Suppose -4*k - 6*b + 4*b + 50 = 0, -15 = -3*b. Let v(l) = -4*l + 39. Let p be v(k). What is the remainder when 130 is divided by 26 - p - 30/6?
20
Let w(a) = 36*a - 32. Let q(o) = 12*o - 11. Let b(m) = -11*q(m) + 4*w(m). Let k = -6281 + 6334. What is the remainder when k is divided by b(3)?
24
Suppose 9*g + 932 = 1004. What is the remainder when 221 is divided by g?
5
Let b = -226 + -167. Suppose -2*j - 1485 + 365 = 0. Let d = b - j. Calculate the remainder when d is divided by 13.
11
Let r(p) = -p**3 - 26*p**2 - 27*p - 50. Let i be r(-25). Suppose 56 = v + 3*n, -8 = -i*n + 2*n. What is the remainder when v is divided by 27?
14
Suppose -3*w + 3*q + 9 + 45 = 0, 3*q = -18. What is the remainder when 3153 is divided by w?
9
Let l = -671 - -957. Calculate the remainder when l is divided by 17 + (-1 - 19) + 11.
6
Let u = -211 + 216. Let o = u - 2. What is the remainder when 19 is divided by o?
1
Suppose 2*h = m + 8, 5*m + 3*h = -h - 12. Let c be m*581/70 - (-1)/5. Let t = c - -38. Calculate the remainder when 19 is divided by t.
4
Suppose -6 = -5*a + 4*d, -a - 4*d + 2 = -2*a. Suppose -p - a*p = -162. Calculate the remainder when p + (-4 - -4) + -2 is divided by 18.
16
Suppose 7*y = 8*y + 3*s - 18, -5*y + 5 = -2*s. Suppose -v + f + 11 = -2, y*v = -5*f + 23. What is the remainder when 195 is divided by v?
8
Suppose 2284*f + 2227 = 2301*f. What is the remainder when f is divided by 6 - 2 - -39 - -1?
43
Suppose -166*g + 161*g + 20 = 0. Suppose -2*d - 2*l = 3*l - 112, 0 = g*d + l - 224. Calculate the remainder when d is divided by 22.
12
Suppose 0 = 5*s - 4*n + 3*n - 1072, 4*s = -n + 863. Calculate the remainder when s is divided by 290/8 + 1/(-4).
35
Suppose 5*r - 17 = 68. Let h = r - 19. What is the remainder when ((-2178)/(-30) - 0) + h/(-5) is divided by 25?
23
Suppose 3*l + 13 = -5*u, -u + 5*u + 3*l = -11. What is the remainder when 5*u*268/(-40) is divided by 19?
10
Let j be (-2)/(-16) + (-309)/(-24). Let o = j - -5. What is the remainder when o is divided by 4/3*1035/138?
8
Let p be (-29146)/(-7) - (-16)/56. Suppose 20*d - p + 1464 = 0. What is the remainder when d is divided by 17?
16
Let s = -359 + 763. Let q = -334 + s. Let